 the remainder when 434792 is divided by 1484?
1464
Calculate the remainder when 10277 is divided by 1017.
107
What is the remainder when 1250804 is divided by 110?
104
Calculate the remainder when 3160741 is divided by 95.
91
What is the remainder when 29762 is divided by 13?
5
What is the remainder when 26164 is divided by 42?
40
Calculate the remainder when 71500 is divided by 227.
222
Calculate the remainder when 1758 is divided by 109.
14
Calculate the remainder when 5917 is divided by 78.
67
What is the remainder when 77904 is divided by 1391?
8
What is the remainder when 18993 is divided by 6322?
27
What is the remainder when 2247329 is divided by 1315?
1309
What is the remainder when 420473 is divided by 12?
5
Calculate the remainder when 17606 is divided by 119.
113
What is the remainder when 10667 is divided by 191?
162
Calculate the remainder when 99293 is divided by 11.
7
What is the remainder when 655654 is divided by 385?
384
What is the remainder when 23757 is divided by 2159?
8
What is the remainder when 21565 is divided by 140?
5
Calculate the remainder when 8762 is divided by 32.
26
What is the remainder when 6266 is divided by 91?
78
Calculate the remainder when 17076 is divided by 2130.
36
Calculate the remainder when 406428 is divided by 9.
6
What is the remainder when 75451 is divided by 49?
40
Calculate the remainder when 2603 is divided by 31.
30
What is the remainder when 39030 is divided by 481?
69
Calculate the remainder when 7750 is divided by 3142.
1466
Calculate the remainder when 66736 is divided by 42.
40
What is the remainder when 5703 is divided by 74?
5
What is the remainder when 700 is divided by 100?
0
Calculate the remainder when 20545 is divided by 859.
788
What is the remainder when 843 is divided by 840?
3
What is the remainder when 619087 is divided by 48?
31
Calculate the remainder when 816 is divided by 298.
220
Calculate the remainder when 28121 is divided by 28096.
25
Calculate the remainder when 565943 is divided by 141484.
7
What is the remainder when 85638 is divided by 216?
102
What is the remainder when 119384 is divided by 21?
20
What is the remainder when 6825594 is divided by 97?
92
Calculate the remainder when 103349 is divided by 25.
24
What is the remainder when 3500 is divided by 306?
134
What is the remainder when 3753 is divided by 53?
43
What is the remainder when 28563 is divided by 53?
49
What is the remainder when 66882 is divided by 35?
32
Calculate the remainder when 85025 is divided by 8.
1
Calculate the remainder when 28646 is divided by 2630.
2346
Calculate the remainder when 4845 is divided by 1589.
78
Calculate the remainder when 44599 is divided by 11147.
11
What is the remainder when 200200 is divided by 520?
0
Calculate the remainder when 5086 is divided by 212.
210
What is the remainder when 1360 is divided by 88?
40
What is the remainder when 4586 is divided by 372?
122
Calculate the remainder when 23378 is divided by 1786.
160
What is the remainder when 41436 is divided by 618?
30
Calculate the remainder when 3387813 is divided by 1338.
1335
What is the remainder when 22559 is divided by 705?
704
Calculate the remainder when 254917 is divided by 273.
208
Calculate the remainder when 1684618 is divided by 191.
189
Calculate the remainder when 17508 is divided by 44.
40
Calculate the remainder when 49708 is divided by 52.
48
Calculate the remainder when 61450 is divided by 1229.
0
What is the remainder when 14939 is divided by 31?
28
Calculate the remainder when 13745 is divided by 24.
17
Calculate the remainder when 2594 is divided by 26.
20
Calculate the remainder when 55222 is divided by 298.
92
Calculate the remainder when 1031575 is divided by 343852.
19
Calculate the remainder when 1901 is divided by 173.
171
What is the remainder when 34026 is divided by 3777?
33
What is the remainder when 34149 is divided by 5691?
3
What is the remainder when 1617038 is divided by 464?
462
What is the remainder when 274277 is divided by 34?
33
What is the remainder when 2428 is divided by 399?
34
Calculate the remainder when 33988 is divided by 944.
4
What is the remainder when 298071 is divided by 38?
37
Calculate the remainder when 22524 is divided by 44.
40
Calculate the remainder when 20368 is divided by 8.
0
Calculate the remainder when 265916 is divided by 320.
316
What is the remainder when 884 is divided by 152?
124
What is the remainder when 44022 is divided by 17?
9
Calculate the remainder when 28713 is divided by 3032.
1425
Calculate the remainder when 32471 is divided by 5410.
11
What is the remainder when 97 is divided by 23?
5
Calculate the remainder when 27916 is divided by 1159.
100
What is the remainder when 1063292 is divided by 531624?
44
What is the remainder when 4930 is divided by 409?
22
What is the remainder when 153670 is divided by 114?
112
What is the remainder when 173790 is divided by 123?
114
What is the remainder when 1232939 is divided by 339?
335
What is the remainder when 10447 is divided by 24?
7
What is the remainder when 929 is divided by 312?
305
What is the remainder when 2223 is divided by 2221?
2
Calculate the remainder when 5432 is divided by 772.
28
What is the remainder when 439111 is divided by 131?
130
What is the remainder when 9497 is divided by 4729?
39
Calculate the remainder when 8525 is divided by 2829.
38
What is the remainder when 334354 is divided by 102?
100
What is the remainder when 236498 is divided by 47297?
13
What is the remainder when 313547 is divided by 520?
507
Calculate the remainder when 1329 is divided by 22.
9
What is the remainder when 22874 is divided by 32?
26
Calculate the remainder when 97659 is divided by 32549.
12
What is the remainder when 747 is divided by 199?
150
What is the remainder when 59477 is divided by 901?
11
What is the remainder when 1097 is divided by 802?
295
What is the remainder when 26491 is divided by 1204?
3
What is the remainder when 30961 is divided by 113?
112
What is the remainder when 1876 is divided by 286?
160
Calculate the remainder when 1174 is divided by 119.
103
What is the remainder when 814 is divided by 297?
220
What is the remainder when 26813 is divided by 112?
45
Calculate the remainder when 5161 is divided by 2463.
235
Calculate the remainder when 2285 is divided by 562.
37
Calculate the remainder when 4376 is divided by 3844.
532
Calculate the remainder when 3192 is divided by 31.
30
What is the remainder when 2510 is divided by 344?
102
Calculate the remainder when 9673 is divided by 40.
33
What is the remainder when 15232 is divided by 166?
126
What is the remainder when 1302958 is divided by 434307?
37
Calculate the remainder when 17781 is divided by 849.
801
Calculate the remainder when 13893 is divided by 2240.
453
What is the remainder when 1120 is divided by 553?
14
Calculate the remainder when 1525 is divided by 490.
55
Calculate the remainder when 178126 is divided by 29687.
4
Calculate the remainder when 269 is divided by 68.
65
What is the remainder when 171578 is divided by 230?
228
What is the remainder when 329187 is divided by 339?
18
What is the remainder when 1632 is divided by 62?
20
What is the remainder when 297924 is divided by 425?
424
What is the remainder when 133164 is divided by 18?
0
What is the remainder when 7124 is divided by 37?
20
Calculate the remainder when 29653 is divided by 50.
3
What is the remainder when 361077 is divided by 120350?
27
Calculate the remainder when 2301 is divided by 56.
5
What is the remainder when 3693 is divided by 99?
30
What is the remainder when 1902627 is divided by 182?
181
Calculate the remainder when 69248 is divided by 203.
25
Calculate the remainder when 448845 is divided by 149608.
21
Calculate the remainder when 319302 is divided by 123.
117
Calculate the remainder when 3258 is divided by 729.
342
Calculate the remainder when 1411014 is divided by 22397.
3
Calculate the remainder when 571725 is divided by 19.
15
Calculate the remainder when 99819 is divided by 34.
29
What is the remainder when 223672 is divided by 11?
9
Calculate the remainder when 2049 is divided by 27.
24
Calculate the remainder when 102651 is divided by 17093.
93
Calculate the remainder when 297865 is divided by 14893.
5
